{"id":3770,"date":"2015-02-01T01:06:44","date_gmt":"2015-02-01T00:06:44","guid":{"rendered":"http:\/\/www.juancarloscabral.es\/web\/?page_id=3770"},"modified":"2015-02-01T01:06:44","modified_gmt":"2015-02-01T00:06:44","slug":"valentin","status":"publish","type":"page","link":"http:\/\/www.juancarloscabral.es\/web\/valentin\/","title":{"rendered":"\u00bfQue es fotograf\u00eda Boudoir? Un regalo para San Valent\u00edn"},"content":{"rendered":"<div id=\"anonymous_element_67\" class=\"images\"><\/div>\n<div id=\"anonymous_element_66\" class=\"content\">\n<p><strong>Fotograf\u00eda BOUDOIR<\/strong><br \/>\n<strong>Boudoir<\/strong>: &#8220;Elegante sala de estar privada aneja a la alcoba principal, de uso exclusivo de las mujeres&#8221;<\/p>\n<p>Esta sala o tocador goza de una enorme tradici\u00f3n art\u00edstica, siendo representada desde la pintura a la fotograf\u00eda. Pero es ahora, en nuestro pa\u00eds, cuando se inicia con m\u00e1s fuerza un resurgir en este tipo de sesiones ,muy habituales en Am\u00e9rica.<\/p>\n<p><img loading=\"lazy\" class=\"aligncenter size-full wp-image-3026\" src=\"http:\/\/www.juancarloscabral.es\/web\/wp-content\/uploads\/2014\/01\/Sesi\u00f3n-Boudoir-Valentin-regalo-11.jpg\" alt=\"Sesi\u00f3n Boudoir Valentin regalo (11)\" width=\"860\" height=\"573\" srcset=\"http:\/\/www.juancarloscabral.es\/web\/wp-content\/uploads\/2014\/01\/Sesi\u00f3n-Boudoir-Valentin-regalo-11.jpg 860w, http:\/\/www.juancarloscabral.es\/web\/wp-content\/uploads\/2014\/01\/Sesi\u00f3n-Boudoir-Valentin-regalo-11-650x433.jpg 650w\" sizes=\"(max-width: 860px) 100vw, 860px\" \/>La sesi\u00f3n <strong>Boudoir<\/strong> es una celebraci\u00f3n de la belleza femenina, resaltando todas sus virtudes y, a la vez, una experiencia potenciadora de su feminidad, hacerla sentirse m\u00e1s hermosa y segura. Es un estilo dedicado a conseguir una est\u00e9tica art\u00edstica, sensual, con una ligera carga er\u00f3tica mostrada elegantemente. \u00bfQu\u00e9 mujer no ha deseado nunca tener unas fotos sensuales y hermosas de s\u00ed misma?<\/p>\n<p><img loading=\"lazy\" class=\"aligncenter size-full wp-image-3068\" src=\"http:\/\/www.juancarloscabral.es\/web\/wp-content\/uploads\/2014\/01\/Sesion-Boudoir-San-Valentin-3.jpg\" alt=\"San Valentin\" width=\"860\" height=\"573\" srcset=\"http:\/\/www.juancarloscabral.es\/web\/wp-content\/uploads\/2014\/01\/Sesion-Boudoir-San-Valentin-3.jpg 860w, http:\/\/www.juancarloscabral.es\/web\/wp-content\/uploads\/2014\/01\/Sesion-Boudoir-San-Valentin-3-650x433.jpg 650w\" sizes=\"(max-width: 860px) 100vw, 860px\" \/>El objetivo de la sesi\u00f3n no es obtener estas fotos, sino tomarse unas horas en las que ser la protagonista, disfrutar con una experiencia solo para ti, maquillaje, peluquer\u00eda. Y previamente realizar las compras necesarias con las que sentirte guapa.<\/p>\n<p><img loading=\"lazy\" class=\"aligncenter size-full wp-image-3774\" src=\"http:\/\/www.juancarloscabral.es\/web\/wp-content\/uploads\/2015\/01\/MG_6300A.jpg\" alt=\"ideas lenceria boudoir\" width=\"860\" height=\"573\" srcset=\"http:\/\/www.juancarloscabral.es\/web\/wp-content\/uploads\/2015\/01\/MG_6300A.jpg 860w, http:\/\/www.juancarloscabral.es\/web\/wp-content\/uploads\/2015\/01\/MG_6300A-650x433.jpg 650w\" sizes=\"(max-width: 860px) 100vw, 860px\" \/>Prepararte, visualizar el resultado, disfrutar de la decisi\u00f3n de realizar esta sesi\u00f3n.<\/p>\n<p>Sea cual sea el motivo que te impulsa a realizarlo, un regalo para tu pareja, para tu novio antes de la boda, celebrar el aniversario, un cambio en tu vida, un regalo de San Valent\u00edn, porque te apetece&#8230; Lo principal es que es un d\u00eda para romper la rutina y dedic\u00e1rtelo a ti, mim\u00e1ndote y sinti\u00e9ndote bien.<\/p>\n<p><img loading=\"lazy\" class=\"aligncenter size-full wp-image-3540\" src=\"http:\/\/www.juancarloscabral.es\/web\/wp-content\/uploads\/2014\/08\/Sesion-fotos-Boudoir-14.jpg\" alt=\"Boudoir Sevilla\" width=\"860\" height=\"573\" srcset=\"http:\/\/www.juancarloscabral.es\/web\/wp-content\/uploads\/2014\/08\/Sesion-fotos-Boudoir-14.jpg 860w, http:\/\/www.juancarloscabral.es\/web\/wp-content\/uploads\/2014\/08\/Sesion-fotos-Boudoir-14-650x433.jpg 650w\" sizes=\"(max-width: 860px) 100vw, 860px\" \/>Previamente buscando ideas, viendo fotos inspiradoras en revistas internet o libros de fotograf\u00eda, esto ayudar\u00e1 a entender qu\u00e9 consideras sexi y qu\u00e9 ambiente te gusta para dar estilo a la sesi\u00f3n.<\/p>\n<p><img loading=\"lazy\" class=\"aligncenter size-full wp-image-3543\" src=\"http:\/\/www.juancarloscabral.es\/web\/wp-content\/uploads\/2014\/08\/Sesion-fotos-Boudoir-17.jpg\" alt=\"Boudoir Sevilla\" width=\"860\" height=\"573\" srcset=\"http:\/\/www.juancarloscabral.es\/web\/wp-content\/uploads\/2014\/08\/Sesion-fotos-Boudoir-17.jpg 860w, http:\/\/www.juancarloscabral.es\/web\/wp-content\/uploads\/2014\/08\/Sesion-fotos-Boudoir-17-650x433.jpg 650w\" sizes=\"(max-width: 860px) 100vw, 860px\" \/><\/p>\n<p>La sesi\u00f3n es una oportunidad de divertirte, sentirte atractiva y nuestra ocasi\u00f3n de documentarlo, haci\u00e9ndote sentir c\u00f3moda delante de la c\u00e1mara.<br \/>\nCada persona tiene una idea de lo que es sexi, puedes mostrarte divertida, coqueta, traviesa, e incluso algo sensual y no salirte de tu nivel de comodidad.<br \/>\nEn todo momento nuestra misi\u00f3n es hacerte sentir bien y c\u00f3moda.<\/p>\n<p><img loading=\"lazy\" class=\"aligncenter size-full wp-image-3772\" src=\"http:\/\/www.juancarloscabral.es\/web\/wp-content\/uploads\/2015\/01\/MG_6292.jpg\" alt=\"fotos boudoir\" width=\"860\" height=\"573\" srcset=\"http:\/\/www.juancarloscabral.es\/web\/wp-content\/uploads\/2015\/01\/MG_6292.jpg 860w, http:\/\/www.juancarloscabral.es\/web\/wp-content\/uploads\/2015\/01\/MG_6292-650x433.jpg 650w\" sizes=\"(max-width: 860px) 100vw, 860px\" \/><\/p>\n<\/div>\n<div class=\"linkwithin_hook\" id=\"http:\/\/www.juancarloscabral.es\/web\/valentin\/\"><\/div><script>\r\n<!-- \/\/LinkWithinCodeStart\r\nvar linkwithin_site_id = 2477897;\r\nvar linkwithin_div_class = \"linkwithin_hook\";\r\n\/\/LinkWithinCodeEnd -->\r\n<\/script>\r\n<script src=\"http:\/\/www.linkwithin.com\/widget.js\"><\/script>\r\n<a href=\"http:\/\/www.linkwithin.com\/\"><img src=\"http:\/\/www.linkwithin.com\/pixel.png\" alt=\"Related Posts Plugin for WordPress, Blogger...\" style=\"border: 0\" \/><\/a><div class=\"pp-fb-like-btn-wrap\"><div class=\"fb-like\" data-href=\"http:\/\/www.juancarloscabral.es\/web\/valentin\/\" data-share=\"true\" data-layout=\"standard\" data-width=\"450\" data-show-faces=\"false\" data-action=\"like\"><\/div><\/div>","protected":false},"excerpt":{"rendered":"<p>Fotograf\u00eda BOUDOIR Boudoir: &#8220;Elegante sala de estar privada aneja a la alcoba principal, de uso exclusivo de las mujeres&#8221; Esta sala o tocador goza de una enorme tradici\u00f3n art\u00edstica, siendo representada desde la pintura a la fotograf\u00eda. Pero es ahora, en nuestro pa\u00eds, cuando se inicia con m\u00e1s fuerza un resurgir en este tipo de [&hellip;]<\/p>\n<script>\r\n<!-- \/\/LinkWithinCodeStart\r\nvar linkwithin_site_id = 2477897;\r\nvar linkwithin_div_class = \"linkwithin_hook\";\r\n\/\/LinkWithinCodeEnd -->\r\n<\/script>\r\n<script src=\"http:\/\/www.linkwithin.com\/widget.js\"><\/script>\r\n<a href=\"http:\/\/www.linkwithin.com\/\"><img src=\"http:\/\/www.linkwithin.com\/pixel.png\" alt=\"Related Posts Plugin for WordPress, Blogger...\" style=\"border: 0\" \/><\/a>","protected":false},"author":1,"featured_media":0,"parent":0,"menu_order":0,"comment_status":"open","ping_status":"open","template":"","meta":[],"yoast_head":"<!-- This site is optimized with the Yoast SEO plugin v17.3 - https:\/\/yoast.com\/wordpress\/plugins\/seo\/ -->\n<title>regalo para san valentin<\/title>\n<meta name=\"description\" content=\"Boudoir San Valentin\" \/>\n<meta name=\"robots\" content=\"index, follow, max-snippet:-1, max-image-preview:large, max-video-preview:-1\" \/>\n<link rel=\"canonical\" href=\"http:\/\/www.juancarloscabral.es\/web\/valentin\/\" \/>\n<meta property=\"og:locale\" content=\"es_ES\" \/>\n<meta property=\"og:type\" content=\"article\" \/>\n<meta property=\"og:title\" content=\"regalo para san valentin\" \/>\n<meta property=\"og:description\" content=\"Boudoir San Valentin\" \/>\n<meta property=\"og:url\" content=\"http:\/\/www.juancarloscabral.es\/web\/valentin\/\" \/>\n<meta property=\"og:site_name\" content=\"Juan Carlos Cabral\" \/>\n<meta property=\"og:image\" content=\"http:\/\/www.juancarloscabral.es\/web\/wp-content\/uploads\/2014\/01\/Sesi\u00f3n-Boudoir-Valentin-regalo-11.jpg\" \/>\n<meta name=\"twitter:label1\" content=\"Tiempo de lectura\" \/>\n\t<meta name=\"twitter:data1\" content=\"2 minutos\" \/>\n<script type=\"application\/ld+json\" class=\"yoast-schema-graph\">{\"@context\":\"https:\/\/schema.org\",\"@graph\":[{\"@type\":\"WebSite\",\"@id\":\"http:\/\/www.juancarloscabral.es\/web\/#website\",\"url\":\"http:\/\/www.juancarloscabral.es\/web\/\",\"name\":\"Juan Carlos Cabral\",\"description\":\"Fot\\u00f3grafo,Bodas,Retratos\",\"potentialAction\":[{\"@type\":\"SearchAction\",\"target\":{\"@type\":\"EntryPoint\",\"urlTemplate\":\"http:\/\/www.juancarloscabral.es\/web\/?s={search_term_string}\"},\"query-input\":\"required name=search_term_string\"}],\"inLanguage\":\"es\"},{\"@type\":\"ImageObject\",\"@id\":\"http:\/\/www.juancarloscabral.es\/web\/valentin\/#primaryimage\",\"inLanguage\":\"es\",\"url\":\"http:\/\/www.juancarloscabral.es\/web\/wp-content\/uploads\/2014\/01\/Sesi\\u00f3n-Boudoir-Valentin-regalo-11.jpg\",\"contentUrl\":\"http:\/\/www.juancarloscabral.es\/web\/wp-content\/uploads\/2014\/01\/Sesi\\u00f3n-Boudoir-Valentin-regalo-11.jpg\",\"width\":860,\"height\":573},{\"@type\":\"WebPage\",\"@id\":\"http:\/\/www.juancarloscabral.es\/web\/valentin\/#webpage\",\"url\":\"http:\/\/www.juancarloscabral.es\/web\/valentin\/\",\"name\":\"regalo para san valentin\",\"isPartOf\":{\"@id\":\"http:\/\/www.juancarloscabral.es\/web\/#website\"},\"primaryImageOfPage\":{\"@id\":\"http:\/\/www.juancarloscabral.es\/web\/valentin\/#primaryimage\"},\"datePublished\":\"2015-02-01T00:06:44+00:00\",\"dateModified\":\"2015-02-01T00:06:44+00:00\",\"description\":\"Boudoir San Valentin\",\"breadcrumb\":{\"@id\":\"http:\/\/www.juancarloscabral.es\/web\/valentin\/#breadcrumb\"},\"inLanguage\":\"es\",\"potentialAction\":[{\"@type\":\"ReadAction\",\"target\":[\"http:\/\/www.juancarloscabral.es\/web\/valentin\/\"]}]},{\"@type\":\"BreadcrumbList\",\"@id\":\"http:\/\/www.juancarloscabral.es\/web\/valentin\/#breadcrumb\",\"itemListElement\":[{\"@type\":\"ListItem\",\"position\":1,\"name\":\"\\u00bfQue es fotograf\\u00eda Boudoir? Un regalo para San Valent\\u00edn\"}]}]}<\/script>\n<!-- \/ Yoast SEO plugin. -->","yoast_head_json":{"title":"regalo para san valentin","description":"Boudoir San Valentin","robots":{"index":"index","follow":"follow","max-snippet":"max-snippet:-1","max-image-preview":"max-image-preview:large","max-video-preview":"max-video-preview:-1"},"canonical":"http:\/\/www.juancarloscabral.es\/web\/valentin\/","og_locale":"es_ES","og_type":"article","og_title":"regalo para san valentin","og_description":"Boudoir San Valentin","og_url":"http:\/\/www.juancarloscabral.es\/web\/valentin\/","og_site_name":"Juan Carlos Cabral","og_image":[{"url":"http:\/\/www.juancarloscabral.es\/web\/wp-content\/uploads\/2014\/01\/Sesi\u00f3n-Boudoir-Valentin-regalo-11.jpg"}],"twitter_misc":{"Tiempo de lectura":"2 minutos"},"schema":{"@context":"https:\/\/schema.org","@graph":[{"@type":"WebSite","@id":"http:\/\/www.juancarloscabral.es\/web\/#website","url":"http:\/\/www.juancarloscabral.es\/web\/","name":"Juan Carlos Cabral","description":"Fot\u00f3grafo,Bodas,Retratos","potentialAction":[{"@type":"SearchAction","target":{"@type":"EntryPoint","urlTemplate":"http:\/\/www.juancarloscabral.es\/web\/?s={search_term_string}"},"query-input":"required name=search_term_string"}],"inLanguage":"es"},{"@type":"ImageObject","@id":"http:\/\/www.juancarloscabral.es\/web\/valentin\/#primaryimage","inLanguage":"es","url":"http:\/\/www.juancarloscabral.es\/web\/wp-content\/uploads\/2014\/01\/Sesi\u00f3n-Boudoir-Valentin-regalo-11.jpg","contentUrl":"http:\/\/www.juancarloscabral.es\/web\/wp-content\/uploads\/2014\/01\/Sesi\u00f3n-Boudoir-Valentin-regalo-11.jpg","width":860,"height":573},{"@type":"WebPage","@id":"http:\/\/www.juancarloscabral.es\/web\/valentin\/#webpage","url":"http:\/\/www.juancarloscabral.es\/web\/valentin\/","name":"regalo para san valentin","isPartOf":{"@id":"http:\/\/www.juancarloscabral.es\/web\/#website"},"primaryImageOfPage":{"@id":"http:\/\/www.juancarloscabral.es\/web\/valentin\/#primaryimage"},"datePublished":"2015-02-01T00:06:44+00:00","dateModified":"2015-02-01T00:06:44+00:00","description":"Boudoir San Valentin","breadcrumb":{"@id":"http:\/\/www.juancarloscabral.es\/web\/valentin\/#breadcrumb"},"inLanguage":"es","potentialAction":[{"@type":"ReadAction","target":["http:\/\/www.juancarloscabral.es\/web\/valentin\/"]}]},{"@type":"BreadcrumbList","@id":"http:\/\/www.juancarloscabral.es\/web\/valentin\/#breadcrumb","itemListElement":[{"@type":"ListItem","position":1,"name":"\u00bfQue es fotograf\u00eda Boudoir? Un regalo para San Valent\u00edn"}]}]}},"_links":{"self":[{"href":"http:\/\/www.juancarloscabral.es\/web\/wp-json\/wp\/v2\/pages\/3770"}],"collection":[{"href":"http:\/\/www.juancarloscabral.es\/web\/wp-json\/wp\/v2\/pages"}],"about":[{"href":"http:\/\/www.juancarloscabral.es\/web\/wp-json\/wp\/v2\/types\/page"}],"author":[{"embeddable":true,"href":"http:\/\/www.juancarloscabral.es\/web\/wp-json\/wp\/v2\/users\/1"}],"replies":[{"embeddable":true,"href":"http:\/\/www.juancarloscabral.es\/web\/wp-json\/wp\/v2\/comments?post=3770"}],"version-history":[{"count":3,"href":"http:\/\/www.juancarloscabral.es\/web\/wp-json\/wp\/v2\/pages\/3770\/revisions"}],"predecessor-version":[{"id":3777,"href":"http:\/\/www.juancarloscabral.es\/web\/wp-json\/wp\/v2\/pages\/3770\/revisions\/3777"}],"wp:attachment":[{"href":"http:\/\/www.juancarloscabral.es\/web\/wp-json\/wp\/v2\/media?parent=3770"}],"curies":[{"name":"wp","href":"https:\/\/api.w.org\/{rel}","templated":true}]}}