{"id":4815,"date":"2018-06-10T11:48:30","date_gmt":"2018-06-10T09:48:30","guid":{"rendered":"http:\/\/www.juancarloscabral.es\/web\/?page_id=4815"},"modified":"2018-06-10T22:23:46","modified_gmt":"2018-06-10T20:23:46","slug":"sobremi","status":"publish","type":"page","link":"http:\/\/www.juancarloscabral.es\/web\/sobremi\/","title":{"rendered":"Sobre m\u00ed"},"content":{"rendered":"<h1>Sobre m\u00ed<\/h1>\n<p><span style=\"color: #ffffff;\">eeeeeee<\/span>Me llamo Juan Carlos Cabral, nac\u00ed en <a href=\"http:\/\/www.andalucia.org\/es\/destinos\/zonasturisticas\/jerez-de-la-frontera\/\" target=\"_blank\" rel=\"noopener noreferrer\">Jerez de la Frontera<\/a>, y soy <strong>fot\u00f3grafo<\/strong>.<\/p>\n<p><img loading=\"lazy\" class=\"aligncenter size-full wp-image-5004\" src=\"http:\/\/www.juancarloscabral.es\/web\/wp-content\/uploads\/2018\/06\/Sobremi-Blog.jpg\" alt=\"retrato,cabral\" width=\"860\" height=\"1290\" srcset=\"http:\/\/www.juancarloscabral.es\/web\/wp-content\/uploads\/2018\/06\/Sobremi-Blog.jpg 860w, http:\/\/www.juancarloscabral.es\/web\/wp-content\/uploads\/2018\/06\/Sobremi-Blog-289x433.jpg 289w, http:\/\/www.juancarloscabral.es\/web\/wp-content\/uploads\/2018\/06\/Sobremi-Blog-768x1152.jpg 768w\" sizes=\"(max-width: 860px) 100vw, 860px\" \/><\/p>\n<p><span style=\"color: #ffffff;\">eeeeeee<\/span>Una tarde, cuando era un ni\u00f1o de unos diez a\u00f1os, rebuscando en casa de la abuela, en la gaveta de una c\u00f3moda antigua encontr\u00e9 una\u00a0vieja <a href=\"http:\/\/www.juancarloscabral.es\/web\/personal\/valor-recuerdos\/\" target=\"_blank\" rel=\"noopener noreferrer\"><strong>fotograf\u00eda<\/strong><\/a>\u00a0en blanco y negro.<\/p>\n<p>En ella, un hombre trajeado, a\u00fan joven, de semblante serio y tranquilo, estaba sentado en una silla con las piernas cruzadas, una revista entre las manos, levantaba el rostro para mirarme fijamente. Yo no pod\u00eda apartar los ojos de aquella mirada vagamente familiar, que sin embargo no recordaba haber visto antes. Me atrev\u00ed a coger la fotograf\u00eda y llev\u00e1rsela a mi padre. \u00c9l la mir\u00f3 brevemente, y me dijo:<\/p>\n<ul>\n<li>\u201cEs tu abuelo\u201d.<\/li>\n<\/ul>\n<p><span style=\"color: #ffffff;\">eeeeeee<\/span>Mi abuelo nos dej\u00f3 cuando yo ten\u00eda siete a\u00f1os, y casi no tengo recuerdos de \u00e9l, apenas la imagen de un anciano con su bast\u00f3n, sentado en un sill\u00f3n junto a la puerta de la cocina. Lo dem\u00e1s son an\u00e9cdotas contadas por mi padre y sus hermanos.<\/p>\n<p><span style=\"color: #ffffff;\">eeeeeee<\/span>Sin embargo, all\u00ed estaba \u00e9l, joven, tranquilo y seguro, mir\u00e1ndome directamente a los ojos a trav\u00e9s del tiempo y de la muerte. Fue la primera vez que sent\u00ed <strong>el poder de una fotograf\u00eda<\/strong>. Despu\u00e9s ha habido muchas m\u00e1s.<\/p>\n<p><img loading=\"lazy\" class=\"aligncenter size-full wp-image-5003\" src=\"http:\/\/www.juancarloscabral.es\/web\/wp-content\/uploads\/2018\/06\/El-valor-de-los-recuerdos.jpg\" alt=\"retrato\" width=\"860\" height=\"1225\" srcset=\"http:\/\/www.juancarloscabral.es\/web\/wp-content\/uploads\/2018\/06\/El-valor-de-los-recuerdos.jpg 860w, http:\/\/www.juancarloscabral.es\/web\/wp-content\/uploads\/2018\/06\/El-valor-de-los-recuerdos-304x433.jpg 304w, http:\/\/www.juancarloscabral.es\/web\/wp-content\/uploads\/2018\/06\/El-valor-de-los-recuerdos-768x1094.jpg 768w\" sizes=\"(max-width: 860px) 100vw, 860px\" \/><\/p>\n<p><span style=\"color: #ffffff;\">eeeeeee<\/span>Mi primera c\u00e1mara fue una <strong>Yashica telem\u00e9trica<\/strong>, que arrebat\u00e9 a mi padre cuando ten\u00eda trece a\u00f1os. Despu\u00e9s, con diecis\u00e9is, me compr\u00e9 mi primera c\u00e1mara r\u00e9flex, tambi\u00e9n una Yashica, que pagu\u00e9 a plazos.<\/p>\n<p><span style=\"color: #ffffff;\">eeeeeee<\/span>Sin embargo, por esas cosas de la vida no estudi\u00e9 <strong>Fotograf\u00eda<\/strong>, sino Topograf\u00eda, y trabaj\u00e9 en esta profesi\u00f3n durante a\u00f1os. Me levantaba temprano, conduc\u00eda muchos kil\u00f3metros hasta la obra de turno, y pasaba el d\u00eda mirando por el visor de un aparato muy parecido a una <strong>c\u00e1mara<\/strong>, trasladando la realidad al papel.<\/p>\n<p><span style=\"color: #ffffff;\">eeeeeee<\/span>Tard\u00e9 tiempo en darme cuenta de la iron\u00eda de la situaci\u00f3n, pero cuando al fin lo hice, hace ya a\u00f1os, no tuve m\u00e1s remedio que dejar los instrumentos de top\u00f3grafo, estudiar <strong>Fotograf\u00eda<\/strong>, y convertirme finalmente en <strong>fot\u00f3grafo profesional<\/strong>.<\/p>\n<p><span style=\"color: #ffffff;\">eeeeeee<\/span><strong>\u201cFotograf\u00eda\u201d<\/strong> significa <em>\u201cescrito con luz\u201d<\/em> \u2026 La c\u00e1mara fotogr\u00e1fica tiene un modo especial de mirar: no abarca todo el rango de luminosidad que percibe el ojo humano, ni tiene la misma capacidad de enfoque. Pero esas limitaciones la convierten, en las manos adecuadas, en un artefacto de alquimista que transforma los momentos en memoria, preservando la peque\u00f1a parte de eternidad que hay en cada instante.<\/p>\n<p><span style=\"color: #ffffff;\">eeeeeee<\/span>Mis especialidades son el <strong>retrato<\/strong> y los eventos sociales: fotos de familia, bodas, comuniones, sesiones de\u00a0boudoir. Me form\u00e9 con grandes profesionales, y tengo una larga trayectoria de clientes satisfechos, algunos ya amigos. Pero prefiero que me contraten por algo m\u00e1s que por ser eficaz. Me gusta la gente, no lo puedo evitar, y cuando te fotograf\u00edo, quiero devolverte algo m\u00e1s de lo que cualquiera puede ver.<\/p>\n<p><span style=\"color: #ffffff;\">eeeeeee<\/span>Estoy loco por la luz, por los <a href=\"http:\/\/www.juancarloscabral.es\/web\/personal\/la-caja-de-fotos-recuerdos\/\"><strong>recuerdos<\/strong><\/a>, por la vida. Estas son algunas de mis fotograf\u00edas:<strong>\u00a0<\/strong>bienvenido a mi locura\u2026<\/p>\n<p>Gracias a <a href=\"https:\/\/www.facebook.com\/gregophoto\/\" target=\"_blank\" rel=\"noopener noreferrer\">Gregofoto<\/a> por mi retrato<\/p>\n<p>Contacto:<\/p>\n<p>m\u00f3vil: 649\u00a0\u00a0\u00a0 760\u00a0\u00a0\u00a0 372<\/p>\n<p>contacto@juancarloscabral.es<\/p>\n<div class=\"linkwithin_hook\" id=\"http:\/\/www.juancarloscabral.es\/web\/sobremi\/\"><\/div><script>\r\n<!-- \/\/LinkWithinCodeStart\r\nvar linkwithin_site_id = 2477897;\r\nvar linkwithin_div_class = \"linkwithin_hook\";\r\n\/\/LinkWithinCodeEnd -->\r\n<\/script>\r\n<script src=\"http:\/\/www.linkwithin.com\/widget.js\"><\/script>\r\n<a href=\"http:\/\/www.linkwithin.com\/\"><img src=\"http:\/\/www.linkwithin.com\/pixel.png\" alt=\"Related Posts Plugin for WordPress, Blogger...\" style=\"border: 0\" \/><\/a><div class=\"pp-fb-like-btn-wrap\"><div class=\"fb-like\" data-href=\"http:\/\/www.juancarloscabral.es\/web\/sobremi\/\" data-share=\"true\" data-layout=\"standard\" data-width=\"450\" data-show-faces=\"false\" data-action=\"like\"><\/div><\/div>","protected":false},"excerpt":{"rendered":"<p>Sobre m\u00ed eeeeeeeMe llamo Juan Carlos Cabral, nac\u00ed en Jerez de la Frontera, y soy fot\u00f3grafo. eeeeeeeUna tarde, cuando era un ni\u00f1o de unos diez a\u00f1os, rebuscando en casa de la abuela, en la gaveta de una c\u00f3moda antigua encontr\u00e9 una\u00a0vieja fotograf\u00eda\u00a0en blanco y negro. En ella, un hombre trajeado, a\u00fan joven, de semblante serio [&hellip;]<\/p>\n<script>\r\n<!-- \/\/LinkWithinCodeStart\r\nvar linkwithin_site_id = 2477897;\r\nvar linkwithin_div_class = \"linkwithin_hook\";\r\n\/\/LinkWithinCodeEnd -->\r\n<\/script>\r\n<script src=\"http:\/\/www.linkwithin.com\/widget.js\"><\/script>\r\n<a href=\"http:\/\/www.linkwithin.com\/\"><img src=\"http:\/\/www.linkwithin.com\/pixel.png\" alt=\"Related Posts Plugin for WordPress, Blogger...\" style=\"border: 0\" \/><\/a>","protected":false},"author":1,"featured_media":0,"parent":0,"menu_order":0,"comment_status":"closed","ping_status":"closed","template":"","meta":[],"yoast_head":"<!-- This site is optimized with the Yoast SEO plugin v17.3 - https:\/\/yoast.com\/wordpress\/plugins\/seo\/ -->\n<title>Sobre m\u00ed, Juan Carlos Cabral, Fot\u00f3grafo<\/title>\n<meta name=\"description\" content=\"Una breve rese\u00f1a de quien soy, para que me conozcas mejor.\" \/>\n<meta name=\"robots\" content=\"index, follow, max-snippet:-1, max-image-preview:large, max-video-preview:-1\" \/>\n<link rel=\"canonical\" href=\"http:\/\/www.juancarloscabral.es\/web\/sobremi\/\" \/>\n<meta property=\"og:locale\" content=\"es_ES\" \/>\n<meta property=\"og:type\" content=\"article\" \/>\n<meta property=\"og:title\" content=\"Sobre m\u00ed, Juan Carlos Cabral, Fot\u00f3grafo\" \/>\n<meta property=\"og:description\" content=\"Una breve rese\u00f1a de quien soy, para que me conozcas mejor.\" \/>\n<meta property=\"og:url\" content=\"http:\/\/www.juancarloscabral.es\/web\/sobremi\/\" \/>\n<meta property=\"og:site_name\" content=\"Juan Carlos Cabral\" \/>\n<meta property=\"article:modified_time\" content=\"2018-06-10T20:23:46+00:00\" \/>\n<meta property=\"og:image\" content=\"http:\/\/www.juancarloscabral.es\/web\/wp-content\/uploads\/2018\/06\/Sobremi-Blog.jpg\" \/>\n<meta name=\"twitter:label1\" content=\"Tiempo de lectura\" \/>\n\t<meta name=\"twitter:data1\" content=\"3 minutos\" \/>\n<script type=\"application\/ld+json\" class=\"yoast-schema-graph\">{\"@context\":\"https:\/\/schema.org\",\"@graph\":[{\"@type\":\"WebSite\",\"@id\":\"http:\/\/www.juancarloscabral.es\/web\/#website\",\"url\":\"http:\/\/www.juancarloscabral.es\/web\/\",\"name\":\"Juan Carlos Cabral\",\"description\":\"Fot\\u00f3grafo,Bodas,Retratos\",\"potentialAction\":[{\"@type\":\"SearchAction\",\"target\":{\"@type\":\"EntryPoint\",\"urlTemplate\":\"http:\/\/www.juancarloscabral.es\/web\/?s={search_term_string}\"},\"query-input\":\"required name=search_term_string\"}],\"inLanguage\":\"es\"},{\"@type\":\"ImageObject\",\"@id\":\"http:\/\/www.juancarloscabral.es\/web\/sobremi\/#primaryimage\",\"inLanguage\":\"es\",\"url\":\"http:\/\/www.juancarloscabral.es\/web\/wp-content\/uploads\/2018\/06\/Sobremi-Blog.jpg\",\"contentUrl\":\"http:\/\/www.juancarloscabral.es\/web\/wp-content\/uploads\/2018\/06\/Sobremi-Blog.jpg\",\"width\":860,\"height\":1290,\"caption\":\"retrato,cabral\"},{\"@type\":\"WebPage\",\"@id\":\"http:\/\/www.juancarloscabral.es\/web\/sobremi\/#webpage\",\"url\":\"http:\/\/www.juancarloscabral.es\/web\/sobremi\/\",\"name\":\"Sobre m\\u00ed, Juan Carlos Cabral, Fot\\u00f3grafo\",\"isPartOf\":{\"@id\":\"http:\/\/www.juancarloscabral.es\/web\/#website\"},\"primaryImageOfPage\":{\"@id\":\"http:\/\/www.juancarloscabral.es\/web\/sobremi\/#primaryimage\"},\"datePublished\":\"2018-06-10T09:48:30+00:00\",\"dateModified\":\"2018-06-10T20:23:46+00:00\",\"description\":\"Una breve rese\\u00f1a de quien soy, para que me conozcas mejor.\",\"breadcrumb\":{\"@id\":\"http:\/\/www.juancarloscabral.es\/web\/sobremi\/#breadcrumb\"},\"inLanguage\":\"es\",\"potentialAction\":[{\"@type\":\"ReadAction\",\"target\":[\"http:\/\/www.juancarloscabral.es\/web\/sobremi\/\"]}]},{\"@type\":\"BreadcrumbList\",\"@id\":\"http:\/\/www.juancarloscabral.es\/web\/sobremi\/#breadcrumb\",\"itemListElement\":[{\"@type\":\"ListItem\",\"position\":1,\"name\":\"Sobre m\\u00ed\"}]}]}<\/script>\n<!-- \/ Yoast SEO plugin. -->","yoast_head_json":{"title":"Sobre m\u00ed, Juan Carlos Cabral, Fot\u00f3grafo","description":"Una breve rese\u00f1a de quien soy, para que me conozcas mejor.","robots":{"index":"index","follow":"follow","max-snippet":"max-snippet:-1","max-image-preview":"max-image-preview:large","max-video-preview":"max-video-preview:-1"},"canonical":"http:\/\/www.juancarloscabral.es\/web\/sobremi\/","og_locale":"es_ES","og_type":"article","og_title":"Sobre m\u00ed, Juan Carlos Cabral, Fot\u00f3grafo","og_description":"Una breve rese\u00f1a de quien soy, para que me conozcas mejor.","og_url":"http:\/\/www.juancarloscabral.es\/web\/sobremi\/","og_site_name":"Juan Carlos Cabral","article_modified_time":"2018-06-10T20:23:46+00:00","og_image":[{"url":"http:\/\/www.juancarloscabral.es\/web\/wp-content\/uploads\/2018\/06\/Sobremi-Blog.jpg"}],"twitter_misc":{"Tiempo de lectura":"3 minutos"},"schema":{"@context":"https:\/\/schema.org","@graph":[{"@type":"WebSite","@id":"http:\/\/www.juancarloscabral.es\/web\/#website","url":"http:\/\/www.juancarloscabral.es\/web\/","name":"Juan Carlos Cabral","description":"Fot\u00f3grafo,Bodas,Retratos","potentialAction":[{"@type":"SearchAction","target":{"@type":"EntryPoint","urlTemplate":"http:\/\/www.juancarloscabral.es\/web\/?s={search_term_string}"},"query-input":"required name=search_term_string"}],"inLanguage":"es"},{"@type":"ImageObject","@id":"http:\/\/www.juancarloscabral.es\/web\/sobremi\/#primaryimage","inLanguage":"es","url":"http:\/\/www.juancarloscabral.es\/web\/wp-content\/uploads\/2018\/06\/Sobremi-Blog.jpg","contentUrl":"http:\/\/www.juancarloscabral.es\/web\/wp-content\/uploads\/2018\/06\/Sobremi-Blog.jpg","width":860,"height":1290,"caption":"retrato,cabral"},{"@type":"WebPage","@id":"http:\/\/www.juancarloscabral.es\/web\/sobremi\/#webpage","url":"http:\/\/www.juancarloscabral.es\/web\/sobremi\/","name":"Sobre m\u00ed, Juan Carlos Cabral, Fot\u00f3grafo","isPartOf":{"@id":"http:\/\/www.juancarloscabral.es\/web\/#website"},"primaryImageOfPage":{"@id":"http:\/\/www.juancarloscabral.es\/web\/sobremi\/#primaryimage"},"datePublished":"2018-06-10T09:48:30+00:00","dateModified":"2018-06-10T20:23:46+00:00","description":"Una breve rese\u00f1a de quien soy, para que me conozcas mejor.","breadcrumb":{"@id":"http:\/\/www.juancarloscabral.es\/web\/sobremi\/#breadcrumb"},"inLanguage":"es","potentialAction":[{"@type":"ReadAction","target":["http:\/\/www.juancarloscabral.es\/web\/sobremi\/"]}]},{"@type":"BreadcrumbList","@id":"http:\/\/www.juancarloscabral.es\/web\/sobremi\/#breadcrumb","itemListElement":[{"@type":"ListItem","position":1,"name":"Sobre m\u00ed"}]}]}},"_links":{"self":[{"href":"http:\/\/www.juancarloscabral.es\/web\/wp-json\/wp\/v2\/pages\/4815"}],"collection":[{"href":"http:\/\/www.juancarloscabral.es\/web\/wp-json\/wp\/v2\/pages"}],"about":[{"href":"http:\/\/www.juancarloscabral.es\/web\/wp-json\/wp\/v2\/types\/page"}],"author":[{"embeddable":true,"href":"http:\/\/www.juancarloscabral.es\/web\/wp-json\/wp\/v2\/users\/1"}],"replies":[{"embeddable":true,"href":"http:\/\/www.juancarloscabral.es\/web\/wp-json\/wp\/v2\/comments?post=4815"}],"version-history":[{"count":13,"href":"http:\/\/www.juancarloscabral.es\/web\/wp-json\/wp\/v2\/pages\/4815\/revisions"}],"predecessor-version":[{"id":5010,"href":"http:\/\/www.juancarloscabral.es\/web\/wp-json\/wp\/v2\/pages\/4815\/revisions\/5010"}],"wp:attachment":[{"href":"http:\/\/www.juancarloscabral.es\/web\/wp-json\/wp\/v2\/media?parent=4815"}],"curies":[{"name":"wp","href":"https:\/\/api.w.org\/{rel}","templated":true}]}}